Dec 01 07:08:26.503 INFO testing nyergler/picopub-rs against master#8940af3cea4a9a9deabcaf843b2f8cad9a83fc61 for beta-1.31-5
Dec 01 07:08:26.503 INFO running `"docker" "create" "-v" "/mnt/big/crater/work/local/target-dirs/beta-1.31-5/worker-3/master#8940af3cea4a9a9deabcaf843b2f8cad9a83fc61:/target:rw,Z" "-v" "/mnt/big/crater/work/local/test-source/worker-3/beta-1.31-5/master#8940af3cea4a9a9deabcaf843b2f8cad9a83fc61:/source:ro,Z" "-v" "/mnt/big/crater/work/local/cargo-home:/cargo-home:ro,Z" "-v" "/mnt/big/crater/work/local/rustup-home:/rustup-home:ro,Z" "-e" "USER_ID=1000" "-e" "SOURCE_DIR=/source" "-e" "USER_ID=1000" "-e" "CMD=cargo +8940af3cea4a9a9deabcaf843b2f8cad9a83fc61-alt build --frozen" "-e" "CARGO_TARGET_DIR=/target" "-e" "CARGO_INCREMENTAL=0" "-e" "RUST_BACKTRACE=full" "-e" "RUSTFLAGS=--cap-lints=warn" "-e" "CARGO_HOME=/cargo-home" "-e" "RUSTUP_HOME=/rustup-home" "-m" "1536M" "--network" "none" "crater"`
Dec 01 07:08:26.730 INFO [stdout] 6dfad1f6d14bc08f6acd429dcd89d11e0cc09b30adbce39ab0fe252c1dbb1aad
Dec 01 07:08:26.730 INFO running `"docker" "start" "-a" "6dfad1f6d14bc08f6acd429dcd89d11e0cc09b30adbce39ab0fe252c1dbb1aad"`
Dec 01 07:08:27.200 INFO [stderr] usermod: no changes
Dec 01 07:08:27.294 INFO [stderr]    Compiling syn v0.15.17
Dec 01 07:08:34.747 INFO [stderr]    Compiling serde_derive v1.0.80
Dec 01 07:08:48.759 INFO [stderr]    Compiling picopub v0.1.0 (/source)
Dec 01 07:08:50.029 INFO [stderr]     Finished dev [unoptimized + debuginfo] target(s) in 22.80s
Dec 01 07:08:50.034 INFO [stderr] su: No module specific data is present
Dec 01 07:08:50.836 INFO running `"docker" "inspect" "6dfad1f6d14bc08f6acd429dcd89d11e0cc09b30adbce39ab0fe252c1dbb1aad"`
Dec 01 07:08:51.223 INFO running `"docker" "rm" "-f" "6dfad1f6d14bc08f6acd429dcd89d11e0cc09b30adbce39ab0fe252c1dbb1aad"`
Dec 01 07:08:51.571 INFO [stdout] 6dfad1f6d14bc08f6acd429dcd89d11e0cc09b30adbce39ab0fe252c1dbb1aad
Dec 01 07:08:51.581 INFO running `"docker" "create" "-v" "/mnt/big/crater/work/local/target-dirs/beta-1.31-5/worker-3/master#8940af3cea4a9a9deabcaf843b2f8cad9a83fc61:/target:rw,Z" "-v" "/mnt/big/crater/work/local/test-source/worker-3/beta-1.31-5/master#8940af3cea4a9a9deabcaf843b2f8cad9a83fc61:/source:ro,Z" "-v" "/mnt/big/crater/work/local/cargo-home:/cargo-home:ro,Z" "-v" "/mnt/big/crater/work/local/rustup-home:/rustup-home:ro,Z" "-e" "USER_ID=1000" "-e" "SOURCE_DIR=/source" "-e" "USER_ID=1000" "-e" "CMD=cargo +8940af3cea4a9a9deabcaf843b2f8cad9a83fc61-alt test --frozen --no-run" "-e" "CARGO_TARGET_DIR=/target" "-e" "CARGO_INCREMENTAL=0" "-e" "RUST_BACKTRACE=full" "-e" "RUSTFLAGS=--cap-lints=warn" "-e" "CARGO_HOME=/cargo-home" "-e" "RUSTUP_HOME=/rustup-home" "-m" "1536M" "--network" "none" "crater"`
Dec 01 07:08:52.163 INFO [stdout] 3fe5a4548a258d232063870a3f4204a8efe511a791e4631105a9047242731791
Dec 01 07:08:52.169 INFO running `"docker" "start" "-a" "3fe5a4548a258d232063870a3f4204a8efe511a791e4631105a9047242731791"`
Dec 01 07:08:53.511 INFO [stderr] usermod: no changes
Dec 01 07:08:53.603 INFO [stderr]    Compiling picopub v0.1.0 (/source)
Dec 01 07:08:55.803 INFO [stderr]     Finished dev [unoptimized + debuginfo] target(s) in 2.25s
Dec 01 07:08:55.807 INFO [stderr] su: No module specific data is present
Dec 01 07:08:56.384 INFO running `"docker" "inspect" "3fe5a4548a258d232063870a3f4204a8efe511a791e4631105a9047242731791"`
Dec 01 07:08:56.689 INFO running `"docker" "rm" "-f" "3fe5a4548a258d232063870a3f4204a8efe511a791e4631105a9047242731791"`
Dec 01 07:08:57.017 INFO [stdout] 3fe5a4548a258d232063870a3f4204a8efe511a791e4631105a9047242731791
Dec 01 07:08:57.022 INFO running `"docker" "create" "-v" "/mnt/big/crater/work/local/target-dirs/beta-1.31-5/worker-3/master#8940af3cea4a9a9deabcaf843b2f8cad9a83fc61:/target:rw,Z" "-v" "/mnt/big/crater/work/local/test-source/worker-3/beta-1.31-5/master#8940af3cea4a9a9deabcaf843b2f8cad9a83fc61:/source:ro,Z" "-v" "/mnt/big/crater/work/local/cargo-home:/cargo-home:ro,Z" "-v" "/mnt/big/crater/work/local/rustup-home:/rustup-home:ro,Z" "-e" "USER_ID=1000" "-e" "SOURCE_DIR=/source" "-e" "USER_ID=1000" "-e" "CMD=cargo +8940af3cea4a9a9deabcaf843b2f8cad9a83fc61-alt test --frozen" "-e" "CARGO_TARGET_DIR=/target" "-e" "CARGO_INCREMENTAL=0" "-e" "RUST_BACKTRACE=full" "-e" "RUSTFLAGS=--cap-lints=warn" "-e" "CARGO_HOME=/cargo-home" "-e" "RUSTUP_HOME=/rustup-home" "-m" "1536M" "--network" "none" "crater"`
Dec 01 07:08:57.387 INFO [stdout] afdaba9b67e8fd531edec6f23b51bea9b2650ca8d0da59a8949ff3194683cd52
Dec 01 07:08:57.395 INFO running `"docker" "start" "-a" "afdaba9b67e8fd531edec6f23b51bea9b2650ca8d0da59a8949ff3194683cd52"`
Dec 01 07:08:58.619 INFO [stderr] usermod: no changes
Dec 01 07:08:58.751 INFO [stderr]     Finished dev [unoptimized + debuginfo] target(s) in 0.09s
Dec 01 07:08:58.767 INFO [stderr]      Running /target/debug/deps/picopub-9db2e903cf01eb3c
Dec 01 07:08:58.771 INFO [stdout] 
Dec 01 07:08:58.771 INFO [stdout] running 3 tests
Dec 01 07:08:58.772 INFO [stdout] test mf::tests::test_urlencode_deserialize ... ok
Dec 01 07:08:58.778 INFO [stdout] test tests::it_works ... ok
Dec 01 07:08:58.820 INFO [stderr] error: test failed, to rerun pass '--bin picopub'
Dec 01 07:08:58.820 INFO [stdout] test mf::tests::test_json_deserialize ... FAILED
Dec 01 07:08:58.821 INFO [stderr] su: No module specific data is present
Dec 01 07:08:58.821 INFO [stdout] 
Dec 01 07:08:58.821 INFO [stdout] failures:
Dec 01 07:08:58.822 INFO [stdout] 
Dec 01 07:08:58.822 INFO [stdout] ---- mf::tests::test_json_deserialize stdout ----
Dec 01 07:08:58.822 INFO [stdout] thread 'mf::tests::test_json_deserialize' panicked at 'called `Result::unwrap()` on an `Err` value: Error("invalid type: sequence, expected variant identifier", line: 3, column: 20)', libcore/result.rs:1009:5
Dec 01 07:08:58.823 INFO [stdout] stack backtrace:
Dec 01 07:08:58.823 INFO [stdout]    0:     0x55ad4169097f - std::sys::unix::backtrace::tracing::imp::unwind_backtrace::h3a8b83e1922cbdde
Dec 01 07:08:58.823 INFO [stdout]                                at libstd/sys/unix/backtrace/tracing/gcc_s.rs:49
Dec 01 07:08:58.823 INFO [stdout]    1:     0x55ad416999c7 - std::sys_common::backtrace::print::h00d3155a29b4020f
Dec 01 07:08:58.824 INFO [stdout]                                at libstd/sys_common/backtrace.rs:71
Dec 01 07:08:58.824 INFO [stdout]                                at libstd/sys_common/backtrace.rs:59
Dec 01 07:08:58.824 INFO [stdout]    2:     0x55ad416946af - std::panicking::default_hook::{{closure}}::hd7465c742e79e1bb
Dec 01 07:08:58.825 INFO [stdout]                                at libstd/panicking.rs:211
Dec 01 07:08:58.825 INFO [stdout]    3:     0x55ad416943ae - std::panicking::default_hook::h9e3966f2aa2a6e12
Dec 01 07:08:58.825 INFO [stdout]                                at libstd/panicking.rs:221
Dec 01 07:08:58.826 INFO [stdout]    4:     0x55ad41694d8e - std::panicking::rust_panic_with_hook::h587f091ae747d080
Dec 01 07:08:58.826 INFO [stdout]                                at libstd/panicking.rs:476
Dec 01 07:08:58.826 INFO [stdout]    5:     0x55ad41694931 - std::panicking::continue_panic_fmt::hb3a4fdede87f43a8
Dec 01 07:08:58.826 INFO [stdout]                                at libstd/panicking.rs:390
Dec 01 07:08:58.827 INFO [stdout]    6:     0x55ad41694815 - rust_begin_unwind
Dec 01 07:08:58.827 INFO [stdout]                                at libstd/panicking.rs:325
Dec 01 07:08:58.827 INFO [stdout]    7:     0x55ad416d7a7c - core::panicking::panic_fmt::h6f9cebf5e7474a0b
Dec 01 07:08:58.828 INFO [stdout]                                at libcore/panicking.rs:77
Dec 01 07:08:58.828 INFO [stdout]    8:     0x55ad41629740 - core::result::unwrap_failed::h2389c330a71183f6
Dec 01 07:08:58.828 INFO [stdout]                                at libcore/macros.rs:26
Dec 01 07:08:58.828 INFO [stdout]    9:     0x55ad41629056 - <core::result::Result<T, E>>::unwrap::h8c5fe4fd0562839b
Dec 01 07:08:58.829 INFO [stdout]                                at libcore/result.rs:808
Dec 01 07:08:58.829 INFO [stdout]   10:     0x55ad416158ae - picopub::mf::tests::test_json_deserialize::h6b5b128286d8a636
Dec 01 07:08:58.829 INFO [stdout]                                at src/mf.rs:98
Dec 01 07:08:58.830 INFO [stdout]   11:     0x55ad41615829 - picopub::mf::tests::test_json_deserialize::{{closure}}::h764db99f8ce8fcbe
Dec 01 07:08:58.830 INFO [stdout]                                at src/mf.rs:88
Dec 01 07:08:58.830 INFO [stdout]   12:     0x55ad4161602d - core::ops::function::FnOnce::call_once::hd3e7b6088b46bc01
Dec 01 07:08:58.830 INFO [stdout]                                at libcore/ops/function.rs:238
Dec 01 07:08:58.830 INFO [stdout]   13:     0x55ad416305ee - <F as alloc::boxed::FnBox<A>>::call_box::hac903f91577a156c
Dec 01 07:08:58.830 INFO [stdout]                                at libtest/lib.rs:1468
Dec 01 07:08:58.830 INFO [stdout]                                at libcore/ops/function.rs:238
Dec 01 07:08:58.830 INFO [stdout]                                at liballoc/boxed.rs:672
Dec 01 07:08:58.830 INFO [stdout]   14:     0x55ad416a4979 - __rust_maybe_catch_panic
Dec 01 07:08:58.830 INFO [stdout]                                at libpanic_unwind/lib.rs:102
Dec 01 07:08:58.830 INFO [stdout]   15:     0x55ad41652242 - std::sys_common::backtrace::__rust_begin_short_backtrace::hb8f0d0309526c184
Dec 01 07:08:58.830 INFO [stdout]                                at libstd/panicking.rs:289
Dec 01 07:08:58.830 INFO [stdout]                                at libstd/panic.rs:392
Dec 01 07:08:58.830 INFO [stdout]                                at libtest/lib.rs:1423
Dec 01 07:08:58.830 INFO [stdout]                                at libstd/sys_common/backtrace.rs:136
Dec 01 07:08:58.835 INFO [stdout]   16:     0x55ad41652cf4 - std::panicking::try::do_call::hc2f7c8b9a348d8db
Dec 01 07:08:58.835 INFO [stdout]                                at libstd/thread/mod.rs:409
Dec 01 07:08:58.835 INFO [stdout]                                at libstd/panic.rs:313
Dec 01 07:08:58.835 INFO [stdout]                                at libstd/panicking.rs:310
Dec 01 07:08:58.835 INFO [stdout]   17:     0x55ad416a4979 - __rust_maybe_catch_panic
Dec 01 07:08:58.835 INFO [stdout]                                at libpanic_unwind/lib.rs:102
Dec 01 07:08:58.835 INFO [stdout]   18:     0x55ad4163ff2c - <F as alloc::boxed::FnBox<A>>::call_box::h6bfded618e480b32
Dec 01 07:08:58.835 INFO [stdout]                                at libstd/panicking.rs:289
Dec 01 07:08:58.835 INFO [stdout]                                at libstd/panic.rs:392
Dec 01 07:08:58.835 INFO [stdout]                                at libstd/thread/mod.rs:408
Dec 01 07:08:58.835 INFO [stdout]                                at liballoc/boxed.rs:672
Dec 01 07:08:58.835 INFO [stdout]   19:     0x55ad4169259d - std::sys_common::thread::start_thread::h4c28257d67cdf9cb
Dec 01 07:08:58.835 INFO [stdout]                                at liballoc/boxed.rs:682
Dec 01 07:08:58.835 INFO [stdout]                                at libstd/sys_common/thread.rs:24
Dec 01 07:08:58.835 INFO [stdout]   20:     0x55ad41687ab5 - std::sys::unix::thread::Thread::new::thread_start::hfecb2e7eff8fd34f
Dec 01 07:08:58.835 INFO [stdout]                                at libstd/sys/unix/thread.rs:90
Dec 01 07:08:58.835 INFO [stdout]   21:     0x7f30bec026b9 - start_thread
Dec 01 07:08:58.835 INFO [stdout]   22:     0x7f30be72241c - clone
Dec 01 07:08:58.835 INFO [stdout]   23:                0x0 - <unknown>
Dec 01 07:08:58.835 INFO [stdout] 
Dec 01 07:08:58.836 INFO [stdout] 
Dec 01 07:08:58.836 INFO [stdout] failures:
Dec 01 07:08:58.836 INFO [stdout]     mf::tests::test_json_deserialize
Dec 01 07:08:58.836 INFO [stdout] 
Dec 01 07:08:58.836 INFO [stdout] test result: FAILED. 2 passed; 1 failed; 0 ignored; 0 measured; 0 filtered out
Dec 01 07:08:58.836 INFO [stdout] 
Dec 01 07:08:59.489 INFO running `"docker" "inspect" "afdaba9b67e8fd531edec6f23b51bea9b2650ca8d0da59a8949ff3194683cd52"`
Dec 01 07:08:59.749 INFO running `"docker" "rm" "-f" "afdaba9b67e8fd531edec6f23b51bea9b2650ca8d0da59a8949ff3194683cd52"`
Dec 01 07:09:00.007 INFO [stdout] afdaba9b67e8fd531edec6f23b51bea9b2650ca8d0da59a8949ff3194683cd52
